{"id":87,"date":"2022-03-10T12:45:56","date_gmt":"2022-03-10T11:45:56","guid":{"rendered":"http:\/\/au.feri.um.si\/lpa\/?page_id=87"},"modified":"2022-03-11T09:02:31","modified_gmt":"2022-03-11T08:02:31","slug":"povezovanje-z-drugimi-znanstveno-raziskovalnimi-institucijami","status":"publish","type":"page","link":"https:\/\/au.feri.um.si\/lpa\/o-laboratoriju\/povezovanje-z-drugimi-znanstveno-raziskovalnimi-institucijami\/","title":{"rendered":"Povezovanje z drugimi znanstveno raziskovalnimi in\u0161titucijami"},"content":{"rendered":"\n<p>Na\u0161e sodelovanje je raz\u0161irjeno na ve\u010d strani. Najbolj intenzivno pa sodelujemo z univerzami v Zagrebu, Brnu, Bratislavi, Pragi, Kielce(Poljska), Mi\u0161kolc(Mad\u017earska), Plovdiv in Gabrovo iz Bolgarije, Ko\u0161ic, Splita, Skopja, Graza. To je posledica dejstva, da \u017ee od leta 1997 neprekinjeno sodelujemo in so koordiniramo CEEPUS projekt in smo v tem \u010dasu razvili, poleg poslovnih, tudi prijateljske odnose s kolegi iz teh centrov.<\/p>\n\n\n\n<p>V okviru CEEPUSa, ki je oden od projektov preko katerih se izmenjujejo profesorji in \u0161tudenti, po\u0161iljamo \u0161tudente na enosemesterski \u0161tudij v tujino in jim ob prihodu domov priznamo tam opravljene \u0161tudijske obveznosti. Seveda smo v zelo tesnih kontaktih s kolegi iz FE Ljubljana in IJS.<\/p>\n","protected":false},"excerpt":{"rendered":"<p>Na\u0161e sodelovanje je raz\u0161irjeno na ve\u010d strani. Najbolj intenzivno pa sodelujemo z univerzami v Zagrebu, Brnu, Bratislavi, Pragi, Kielce(Poljska), Mi\u0161kolc(Mad\u017earska), Plovdiv in Gabrovo iz Bolgarije, Ko\u0161ic, Splita, Skopja, Graza. To je posledica dejstva, da \u017ee od leta 1997 neprekinjeno sodelujemo <a href=\"https:\/\/au.feri.um.si\/lpa\/o-laboratoriju\/povezovanje-z-drugimi-znanstveno-raziskovalnimi-institucijami\/\" class=\"read-more\">Preberi ve\u010d &#8230;<\/a><\/p>\n","protected":false},"author":3,"featured_media":0,"parent":67,"menu_order":0,"comment_status":"closed","ping_status":"closed","template":"","meta":[],"_links":{"self":[{"href":"https:\/\/au.feri.um.si\/lpa\/wp-json\/wp\/v2\/pages\/87"}],"collection":[{"href":"https:\/\/au.feri.um.si\/lpa\/wp-json\/wp\/v2\/pages"}],"about":[{"href":"https:\/\/au.feri.um.si\/lpa\/wp-json\/wp\/v2\/types\/page"}],"author":[{"embeddable":true,"href":"https:\/\/au.feri.um.si\/lpa\/wp-json\/wp\/v2\/users\/3"}],"replies":[{"embeddable":true,"href":"https:\/\/au.feri.um.si\/lpa\/wp-json\/wp\/v2\/comments?post=87"}],"version-history":[{"count":1,"href":"https:\/\/au.feri.um.si\/lpa\/wp-json\/wp\/v2\/pages\/87\/revisions"}],"predecessor-version":[{"id":88,"href":"https:\/\/au.feri.um.si\/lpa\/wp-json\/wp\/v2\/pages\/87\/revisions\/88"}],"up":[{"embeddable":true,"href":"https:\/\/au.feri.um.si\/lpa\/wp-json\/wp\/v2\/pages\/67"}],"wp:attachment":[{"href":"https:\/\/au.feri.um.si\/lpa\/wp-json\/wp\/v2\/media?parent=87"}],"curies":[{"name":"wp","href":"https:\/\/api.w.org\/{rel}","templated":true}]}}