{"id":105,"date":"2022-03-11T06:45:42","date_gmt":"2022-03-11T05:45:42","guid":{"rendered":"http:\/\/au.feri.um.si\/lpa\/?page_id=105"},"modified":"2022-03-11T09:01:32","modified_gmt":"2022-03-11T08:01:32","slug":"odkrivanje-in-diagnostika-napak","status":"publish","type":"page","link":"https:\/\/au.feri.um.si\/lpa\/dejavnosti-laboratorija\/odkrivanje-in-diagnostika-napak\/","title":{"rendered":"Odkrivanje in diagnostika napak"},"content":{"rendered":"\n<figure class=\"wp-block-image size-full\"><img loading=\"lazy\" width=\"500\" height=\"300\" src=\"http:\/\/au.feri.um.si\/lpa\/wp-content\/uploads\/sites\/3\/2022\/03\/din.jpg\" alt=\"\" class=\"wp-image-106\" srcset=\"https:\/\/au.feri.um.si\/lpa\/wp-content\/uploads\/sites\/3\/2022\/03\/din.jpg 500w, https:\/\/au.feri.um.si\/lpa\/wp-content\/uploads\/sites\/3\/2022\/03\/din-300x180.jpg 300w, https:\/\/au.feri.um.si\/lpa\/wp-content\/uploads\/sites\/3\/2022\/03\/din-18x12.jpg 18w, https:\/\/au.feri.um.si\/lpa\/wp-content\/uploads\/sites\/3\/2022\/03\/din-360x216.jpg 360w\" sizes=\"(max-width: 500px) 100vw, 500px\" \/><\/figure>\n\n\n\n<p>Ve\u010dina procesov v industriji je v dana\u0161njem \u010dasu vodena avtomatsko in poteka pod nadzorom operaterja, ki skladno z zahtevami in procedurami tehnolo\u0161kih postopkov upravlja s procesom. Pri tem sistem avtomatizacije skrbi za vodenje in izvajanje regulacijskih zank, prenos informacij med sistemi in operaterjem, osnovno varovanje itd. Motnje, okoljski vplivi in staranje komponent so samo nekateri vzroki, ki povzro\u010dajo nepravilno delovanje, kjer je poleg tehnolo\u0161kih, okoljevarstvenih in po\u0161kodbenih aspektov najbolj izpostavljen ekonomski izpad zaradi neplanirane zaustavitve proizvodnje. Podsistemi za odkrivanje, izolacijo in diagnostiko napak postajajo sestavni del sistemov avtomatizacije prvenstveno za doseganje hitrej\u0161ega ukrepanja in koordinacije odprave napak, z glavnim ciljem zgodnjega odkritja napake, \u0161e preden se le-ta razvije v okvaro.<\/p>\n\n\n\n<p>Izvajanje odkrivanja napak v industrijskih procesih pa ni tako preprosto kot se zdi. Najbolj pogosto se pojavijo omejitve zaradi zastarelosti opreme, nepoznavanja procesov, nezaupanja v sistem zaradi la\u017enih alarmov\u2026 A z nara\u0161\u010danjem stopnje avtomatizacije v industriji in razvojem strojne in programske opreme so raz\u0161irjene mo\u017enosti vgradnje teh sistemov v manj\u0161e in cenej\u0161e procese, ki temeljijo na uporabi metod, ki so bile predhodno zelo te\u017eko izvedljive (statisti\u010dni pristopi, zahtevne obdelave podatkov, napredni algoritmi vodenja). Sistem za odkrivanje napak je prvenstveno namenjen opozarjanju in kot pomo\u010d pri posredovanju operaterjev, zato je za\u017eeleno sprotno delovanje v realnem \u010dasu ter odkrivanje tistih nepravilnosti za katere je namenjen.<\/p>\n","protected":false},"excerpt":{"rendered":"<p>Ve\u010dina procesov v industriji je v dana\u0161njem \u010dasu vodena avtomatsko in poteka pod nadzorom operaterja, ki skladno z zahtevami in procedurami tehnolo\u0161kih postopkov upravlja s procesom. Pri tem sistem avtomatizacije skrbi za vodenje in izvajanje regulacijskih zank, prenos informacij med <a href=\"https:\/\/au.feri.um.si\/lpa\/dejavnosti-laboratorija\/odkrivanje-in-diagnostika-napak\/\" class=\"read-more\">Preberi ve\u010d &#8230;<\/a><\/p>\n","protected":false},"author":3,"featured_media":0,"parent":99,"menu_order":0,"comment_status":"closed","ping_status":"closed","template":"","meta":[],"_links":{"self":[{"href":"https:\/\/au.feri.um.si\/lpa\/wp-json\/wp\/v2\/pages\/105"}],"collection":[{"href":"https:\/\/au.feri.um.si\/lpa\/wp-json\/wp\/v2\/pages"}],"about":[{"href":"https:\/\/au.feri.um.si\/lpa\/wp-json\/wp\/v2\/types\/page"}],"author":[{"embeddable":true,"href":"https:\/\/au.feri.um.si\/lpa\/wp-json\/wp\/v2\/users\/3"}],"replies":[{"embeddable":true,"href":"https:\/\/au.feri.um.si\/lpa\/wp-json\/wp\/v2\/comments?post=105"}],"version-history":[{"count":1,"href":"https:\/\/au.feri.um.si\/lpa\/wp-json\/wp\/v2\/pages\/105\/revisions"}],"predecessor-version":[{"id":107,"href":"https:\/\/au.feri.um.si\/lpa\/wp-json\/wp\/v2\/pages\/105\/revisions\/107"}],"up":[{"embeddable":true,"href":"https:\/\/au.feri.um.si\/lpa\/wp-json\/wp\/v2\/pages\/99"}],"wp:attachment":[{"href":"https:\/\/au.feri.um.si\/lpa\/wp-json\/wp\/v2\/media?parent=105"}],"curies":[{"name":"wp","href":"https:\/\/api.w.org\/{rel}","templated":true}]}}