{"id":20,"date":"2020-11-20T14:14:52","date_gmt":"2020-11-20T13:14:52","guid":{"rendered":"http:\/\/au.feri.um.si\/losdv\/?page_id=20"},"modified":"2022-05-19T08:00:07","modified_gmt":"2022-05-19T07:00:07","slug":"education","status":"publish","type":"page","link":"https:\/\/au.feri.um.si\/losdv\/education\/","title":{"rendered":"Pedago\u0161ko delo"},"content":{"rendered":"\n<p>Namen pedago\u0161kega dela je prena\u0161ati, z raziskovalnim delom pridobljeno znanje in \u0161iriti bazo strokovnega kadra in ga \u010dim bolj u\u010dinkovito plasirati v gospodarstvo. \u0160tudentom omogo\u010damo aktivno sodelovanje pri projektih. V ta namen objavljamo seznam \u0161tudentskih projektov, preko katerih si lahko pridobijo potrebno znanje in izku\u0161nje ter hkrati pripravijo material za izdelavo seminarskih ali zaklju\u010dnih nalog.<\/p>\n\n\n\n<ul><li><a href=\"https:\/\/au.feri.um.si\/losdv\/studentskiprojekti\">\u0161tudentski projekti<\/a><\/li><li><a href=\"https:\/\/au.feri.um.si\/losdv\/naloge\">seminarske in zaklju\u010dne naloge<\/a><\/li><\/ul>\n\n\n\n<p><\/p>\n","protected":false},"excerpt":{"rendered":"<p>Namen pedago\u0161kega dela je prena\u0161ati, z raziskovalnim delom pridobljeno znanje in \u0161iriti bazo strokovnega kadra in ga \u010dim bolj u\u010dinkovito plasirati v gospodarstvo. \u0160tudentom omogo\u010damo aktivno sodelovanje pri projektih. V ta namen objavljamo seznam \u0161tudentskih projektov, preko katerih si lahko <a href=\"https:\/\/au.feri.um.si\/losdv\/education\/\" class=\"read-more\">Read More &#8230;<\/a><\/p>\n","protected":false},"author":4,"featured_media":0,"parent":0,"menu_order":0,"comment_status":"closed","ping_status":"closed","template":"","meta":[],"_links":{"self":[{"href":"https:\/\/au.feri.um.si\/losdv\/wp-json\/wp\/v2\/pages\/20"}],"collection":[{"href":"https:\/\/au.feri.um.si\/losdv\/wp-json\/wp\/v2\/pages"}],"about":[{"href":"https:\/\/au.feri.um.si\/losdv\/wp-json\/wp\/v2\/types\/page"}],"author":[{"embeddable":true,"href":"https:\/\/au.feri.um.si\/losdv\/wp-json\/wp\/v2\/users\/4"}],"replies":[{"embeddable":true,"href":"https:\/\/au.feri.um.si\/losdv\/wp-json\/wp\/v2\/comments?post=20"}],"version-history":[{"count":23,"href":"https:\/\/au.feri.um.si\/losdv\/wp-json\/wp\/v2\/pages\/20\/revisions"}],"predecessor-version":[{"id":970,"href":"https:\/\/au.feri.um.si\/losdv\/wp-json\/wp\/v2\/pages\/20\/revisions\/970"}],"wp:attachment":[{"href":"https:\/\/au.feri.um.si\/losdv\/wp-json\/wp\/v2\/media?parent=20"}],"curies":[{"name":"wp","href":"https:\/\/api.w.org\/{rel}","templated":true}]}}