{"id":758,"date":"2023-01-19T08:42:20","date_gmt":"2023-01-19T07:42:20","guid":{"rendered":"https:\/\/au.feri.um.si\/leoss\/?page_id=758"},"modified":"2023-06-06T14:15:18","modified_gmt":"2023-06-06T12:15:18","slug":"predmetnik","status":"publish","type":"page","link":"https:\/\/au.feri.um.si\/leoss\/predmetnik\/","title":{"rendered":"Predmetnik"},"content":{"rendered":"\n<h2 class=\"has-dark-yellow-background-color has-background\" id=\"Prva-stopnja\">Prva stopnja &#8211; Dodiplomski<\/h2>\n\n\n\n<div class=\"wp-block-columns\">\n<div class=\"wp-block-column\">\n<h3>UNI<\/h3>\n\n\n\n<p><a href=\"https:\/\/moja.um.si\/studijski-programi\/Strani\/ucnaenota.aspx?jezik=S&amp;fakulteta=FERI&amp;sifraue=15U011\" target=\"_blank\" rel=\"noreferrer noopener\">Meritve v elektrotehniki<\/a><\/p>\n\n\n\n<p><a href=\"https:\/\/moja.um.si\/studijski-programi\/Strani\/ucnaenota.aspx?jezik=S&amp;fakulteta=FERI&amp;sifraue=15U022\" target=\"_blank\" rel=\"noreferrer noopener\">Senzorji<\/a><\/p>\n\n\n\n<p><a href=\"https:\/\/moja.um.si\/studijski-programi\/Strani\/ucnaenota.aspx?jezik=S&amp;fakulteta=FERI&amp;sifraue=15U047\" target=\"_blank\" rel=\"noreferrer noopener\">Praktikum v avtomatiki in robotiki<\/a><\/p>\n<\/div>\n\n\n\n<div class=\"wp-block-column\">\n<h3>VS<\/h3>\n\n\n\n<p><a href=\"https:\/\/moja.um.si\/studijski-programi\/Strani\/ucnaenota.aspx?jezik=S&amp;fakulteta=FERI&amp;sifraue=15V005\" target=\"_blank\" rel=\"noreferrer noopener\">Meritve<\/a><\/p>\n\n\n\n<p><a href=\"https:\/\/moja.um.si\/studijski-programi\/Strani\/ucnaenota.aspx?jezik=S&amp;fakulteta=FERI&amp;sifraue=15V129\" target=\"_blank\" rel=\"noreferrer noopener\">Ra\u010dunalni\u0161ko podprto na\u010drtovanje in dokumentiranje<\/a><\/p>\n\n\n\n<p><a href=\"https:\/\/moja.um.si\/studijski-programi\/Strani\/ucnaenota.aspx?jezik=S&amp;fakulteta=FERI&amp;sifraue=15V032\" target=\"_blank\" rel=\"noreferrer noopener\">Senzorska tehnika I<\/a><\/p>\n\n\n\n<p><a href=\"https:\/\/moja.um.si\/studijski-programi\/Strani\/ucnaenota.aspx?jezik=S&amp;fakulteta=FERI&amp;sifraue=15V072\" target=\"_blank\" rel=\"noreferrer noopener\">Senzorska tehnika II<\/a><\/p>\n\n\n\n<p><a href=\"https:\/\/moja.um.si\/studijski-programi\/Strani\/ucnaenota.aspx?jezik=S&amp;fakulteta=FERI&amp;sifraue=15V019\" target=\"_blank\" rel=\"noreferrer noopener\">Standardizacija in zagotavljanje kakovosti<\/a><\/p>\n<\/div>\n<\/div>\n\n\n\n<hr class=\"wp-block-separator is-style-wide\" \/>\n\n\n\n<h2 class=\"has-dark-yellow-background-color has-background\" id=\"Druga-stopnja\">Druga stopnja &#8211; Magisterij<\/h2>\n\n\n\n<p><\/p>\n\n\n\n<p><a rel=\"noreferrer noopener\" href=\"https:\/\/moja.um.si\/studijski-programi\/Strani\/ucnaenota.aspx?jezik=S&amp;fakulteta=FERI&amp;sifraue=15M031\" target=\"_blank\">Kakovost, zanesljivost in preizku\u0161anje<\/a><\/p>\n\n\n\n<p><a href=\"https:\/\/moja.um.si\/studijski-programi\/Strani\/ucnaenota.aspx?jezik=S&amp;fakulteta=FERI&amp;sifraue=15M020\">Optoelektronika<\/a><\/p>\n\n\n\n<p><a rel=\"noreferrer noopener\" href=\"https:\/\/moja.um.si\/studijski-programi\/Strani\/ucnaenota.aspx?jezik=S&amp;fakulteta=FERI&amp;sifraue=15M024\" target=\"_blank\">Senzorski sistemi<\/a><\/p>\n\n\n\n<hr class=\"wp-block-separator is-style-wide\" \/>\n\n\n\n<h2 class=\"has-dark-yellow-background-color has-background\" id=\"Tretja-stopnja\">Tretja stopnja &#8211; Doktorski \u0161tudij<\/h2>\n\n\n\n<p><\/p>\n\n\n\n<p><a rel=\"noreferrer noopener\" href=\"https:\/\/moja.um.si\/studijski-programi\/Strani\/ucnaenota.aspx?jezik=S&amp;fakulteta=FERI&amp;sifraue=15D014\" target=\"_blank\">Fotonika<\/a><\/p>\n\n\n\n<p><a rel=\"noreferrer noopener\" href=\"https:\/\/moja.um.si\/studijski-programi\/Strani\/ucnaenota.aspx?jezik=S&amp;fakulteta=FERI&amp;sifraue=15D042\" target=\"_blank\">Merilni sistemi<\/a><\/p>\n\n\n\n<p><a rel=\"noreferrer noopener\" href=\"https:\/\/moja.um.si\/studijski-programi\/Strani\/ucnaenota.aspx?jezik=S&amp;fakulteta=FERI&amp;sifraue=15D015\" target=\"_blank\">Opti\u010dni senzorji<\/a><\/p>\n","protected":false},"excerpt":{"rendered":"<p>Prva stopnja &#8211; Dodiplomski UNI Meritve v elektrotehniki Senzorji Praktikum v avtomatiki in robotiki VS Meritve Ra\u010dunalni\u0161ko podprto na\u010drtovanje in dokumentiranje Senzorska tehnika I Senzorska tehnika II Standardizacija in zagotavljanje kakovosti Druga stopnja &#8211; Magisterij Kakovost, zanesljivost in preizku\u0161anje Optoelektronika <a href=\"https:\/\/au.feri.um.si\/leoss\/predmetnik\/\" class=\"read-more\">Read More &#8230;<\/a><\/p>\n","protected":false},"author":7,"featured_media":0,"parent":0,"menu_order":0,"comment_status":"closed","ping_status":"closed","template":"","meta":[],"_links":{"self":[{"href":"https:\/\/au.feri.um.si\/leoss\/wp-json\/wp\/v2\/pages\/758"}],"collection":[{"href":"https:\/\/au.feri.um.si\/leoss\/wp-json\/wp\/v2\/pages"}],"about":[{"href":"https:\/\/au.feri.um.si\/leoss\/wp-json\/wp\/v2\/types\/page"}],"author":[{"embeddable":true,"href":"https:\/\/au.feri.um.si\/leoss\/wp-json\/wp\/v2\/users\/7"}],"replies":[{"embeddable":true,"href":"https:\/\/au.feri.um.si\/leoss\/wp-json\/wp\/v2\/comments?post=758"}],"version-history":[{"count":46,"href":"https:\/\/au.feri.um.si\/leoss\/wp-json\/wp\/v2\/pages\/758\/revisions"}],"predecessor-version":[{"id":859,"href":"https:\/\/au.feri.um.si\/leoss\/wp-json\/wp\/v2\/pages\/758\/revisions\/859"}],"wp:attachment":[{"href":"https:\/\/au.feri.um.si\/leoss\/wp-json\/wp\/v2\/media?parent=758"}],"curies":[{"name":"wp","href":"https:\/\/api.w.org\/{rel}","templated":true}]}}